 - -65. Suppose -5*r + 230 = -n. List the prime factors of r.
59
Let l(k) = -k**3 - 15*k**2 - k - 12. Let o be l(-15). Suppose o*c = -g + 357 + 435, 1075 = 4*c - 5*g. List the prime factors of c.
5, 53
Let v(s) be the second derivative of -8*s**3/3 - 9*s**2/2 - 26*s. Let k be v(-1). List the prime factors of k + 102 - (-8)/(-2).
3, 5, 7
Let w(l) = -82*l**2 - 2410*l + 7. List the prime factors of w(-9).
5, 3011
Let x(q) = 46*q**2 + 24*q - 23. List the prime factors of x(7).
2399
Let d(q) = 107*q - 35 - 142 - 29*q. List the prime factors of d(9).
3, 5, 7
Suppose 0 = 11*l - 114533 - 321738. What are the prime factors of l?
17, 2333
Let z be (2/1)/(2/5). Suppose -2*d = q - 17, 5*d = 4*d - z*q + 31. Suppose -d*k + 100 = -k. List the prime factors of k.
2, 5
Suppose 0 = 17*v + 31 - 14. What are the prime factors of 0/(-2) - (-537 - -4 - v)?
2, 7, 19
Let h be (160/12)/10*9. Suppose -3*k = -h*k + 2979. List the prime factors of k.
331
Let f(o) = -3*o**3 - 2*o**2 - 26*o - 69. What are the prime factors of f(-6)?
3, 13, 17
Suppose 0 = 5*m + 4*u + 6829, 6*u - 4096 = 3*m + 7*u. What are the prime factors of ((-16)/(6 + -14))/((-2)/m)?
3, 5, 7, 13
Let t be -3 - (-6 + 4) - -21. Let b be 1 - 1*(-4 + t). Let z = 8 - b. What are the prime factors of z?
23
Let l = 39 + -12. What are the prime factors of (87/4)/(l/576)?
2, 29
What are the prime factors of -1324*(84/(-24)*(-366)/(-14))/3?
2, 61, 331
Let j = -11 - 29. Let p be (62/10 - -1)/(3/j). Let z = 146 + p. List the prime factors of z.
2, 5
Let g(h) = -13*h + 10. Let y be g(-2). Let d = y + 737. List the prime factors of d.
773
Suppose -2*w + 2528 = 4*j, 5*w = -3*j - j + 6308. List the prime factors of w.
2, 3, 5, 7
Let j(x) = -9*x + 24. Let t be j(11). Let w be 4/6*t/(-10). Suppose 4*p - 3*n = -45 + 128, -5*p = w*n - 95. What are the prime factors of p?
2, 5
Let h = -5592 - -8530. What are the prime factors of h?
2, 13, 113
List the prime factors of (-59 - 2)*(-9 + 162/(-9)).
3, 61
Let t(m) = -2*m**2 + m + 1. Let w be t(2). Let b(h) = h**3 + 4*h**2 - h - 7. Let g be b(w). List the prime factors of 3/g - (-1910)/18.
2, 53
Suppose -90*g = -5*z - 91*g + 20062, -4*z = -3*g - 16042. What are the prime factors of z?
2, 17, 59
Let z = 1 + 45. Let u = z + 31. Suppose 0 = g - 5*i - u, 3*i = 8*g - 3*g - 407. What are the prime factors of g?
2, 41
Let d(l) = -6*l + 2*l - 37 + 19. Let p be d(-5). What are the prime factors of (14/(-21))/(p/(-177))?
59
Let k = 35799 + 59931. List the prime factors of k.
2, 3, 5, 3191
Let y(r) = -4*r + 9. Let z be y(1). Suppose -z*l = -18*l + 5226. Let j = -180 + l. List the prime factors of j.
2, 3, 37
Suppose -5*y - c = -17611, -5*y - 3*c = -17243 - 370. What are the prime factors of y?
2, 3, 587
Let w = -260 - -268. Suppose -w*g = -721 - 167. List the prime factors of g.
3, 37
Suppose -134 = -3*q - y, -18*q + 13*q + 222 = 2*y. Suppose -q*l = -3796 - 44872. What are the prime factors of l?
2, 23
Suppose -3*y + a + 0*a + 4 = 0, -a + 6 = 2*y. Suppose -3*c - 1425 = -3*u, y*c + 473 = -6*u + 7*u. What are the prime factors of u?
3, 53
Suppose 0 = -72*i + 190312 + 2620526 - 304446. What are the prime factors of i?
7, 4973
Let d(m) = -m**3 + 47*m**2 - 264*m - 120. List the prime factors of d(24).
2, 3, 283
Let s = -69 + 20. Let r = s + 74. List the prime factors of r.
5
Suppose 50658 = 3*g - 5*f + 1297, -f - 32905 = -2*g. Suppose g = 12*p - 0*p. What are the prime factors of p?
3, 457
Let p(i) = i**3 - 8*i**2 + 5*i - 4. Let b(l) = l**2 + 8*l - 28. Let k be b(-11). Let u be p(k). Let z = 130 + u. What are the prime factors of z?
2, 19
Let r(x) = 10*x**2 - 15*x + 12. Let s be r(-8). Suppose 4*c + 3*t - 1286 = -c, 2*t - s = -3*c. List the prime factors of c.
2
Suppose 1134 = s - u + 84, 2118 = 2*s + 4*u. What are the prime factors of 2 + s + 2 + (-4)/(-2)?
3, 353
Suppose -4*n + 3*g = -2*g - 29887, 22416 = 3*n - 4*g. Suppose 0 = -4*k + 388 + n. What are the prime factors of k?
2, 491
Suppose 101 + 137 = 7*c. Suppose -20*t - 11284 = -c*t. List the prime factors of t.
2, 13, 31
Let y = -152180 - -215495. List the prime factors of y.
3, 5, 7, 67
Suppose 2*t = -t + 5*v + 3355, 3335 = 3*t - v. Suppose -t + 6310 = 25*q. What are the prime factors of q?
2, 13
Let f = -161 + 65. Let j = 32 - 18. What are the prime factors of f/(7/j*(2 + -4))?
2, 3
Suppose 5*f + 3*u + 5502 = 0, -2*u + 690 - 5090 = 4*f. Let t = -892 - f. What are the prime factors of t?
2, 103
Let c(t) be the first derivative of -23*t + 5 - 4 + 3 - 2*t**2 + 1. What are the prime factors of c(-14)?
3, 11
Let b be 2/((-4)/(1 + -5)). Suppose -4*u - 5*k + 43 = 0, -b*u + 5*k - k + 2 = 0. List the prime factors of ((-24)/u)/((-4)/56).
2, 3
Let d(l) = -15*l + 70. Let u be d(4). Suppose 0 = u*f + 1100 - 14890. What are the prime factors of f?
7, 197
Let i = 5024 - -2129. List the prime factors of i.
23, 311
Suppose -111*w = -100*w - 28006. List the prime factors of w.
2, 19, 67
Let q(m) be the first derivative of -121*m**2/2 - 14*m - 28. Let v be q(-3). Suppose -2*y + v + 135 = 0. What are the prime factors of y?
2, 11
Let z(f) = f**2 - 2*f. Let x be z(-1). Suppose -4*n = b + 84, x*b - n = b - 213. Let i = -102 - b. List the prime factors of i.
2
Let x = 223 - 227. Let o(j) = -j**3 - 2*j**2 - 7*j - 10. List the prime factors of o(x).
2, 5
Let g = 453 - 101. Suppose g = -w + 3*w + k, 3*w = 2*k + 514. List the prime factors of w.
2, 3, 29
Let t(r) = 3*r**2 - 10*r + 109. What are the prime factors of t(14)?
557
Let t = 9 + -4. Suppose -2*p + 454 + 421 = 5*r, -3*p + 1375 = -t*r. Let z = p - 229. What are the prime factors of z?
13, 17
List the prime factors of -10 - -5285 - -3 - (5 + 3 + -2).
2, 659
Let d = -303 + 3088. What are the prime factors of d?
5, 557
Let c(w) = -w**3 - 2*w**2 - w + 5. Let x be c(0). Suppose -x*m + 0 - 10 = 0. What are the prime factors of (56/12)/(m/(-33))?
7, 11
What are the prime factors of 39/52 + (-118563)/(-12)?
41, 241
Let f(b) = 26333*b**3 + 3*b**2 + 4*b + 1. What are the prime factors of f(1)?
7, 53, 71
Let h(a) = 3167*a + 5260. List the prime factors of h(8).
2, 7649
Suppose -15*r = 32*r - 115848 - 473344. List the prime factors of r.
2, 1567
Let w(a) be the first derivative of -77*a**2 - 8*a - 139. Let p = 0 - 2. List the prime factors of w(p).
2, 3, 5
Let d(c) = -c**3 - 8*c**2 + 3*c - 12. Suppose 18*f + 13 = 19*f. Let p(w) = -w**3 + 13*w**2 - w + 4. Let s be p(f). List the prime factors of d(s).
2, 3, 7
Suppose -3*t = t - 6*k - 6714, 0 = 5*t + 5*k - 8355. Suppose -35*y - t = -41*y. List the prime factors of y.
3, 31
Let t be 34/(-2) - (2 - 5). Let b be (16/(-14) - -2)/((-2)/t). Suppose 115 = 5*a + 5*x, -19 = 5*x + b. What are the prime factors of a?
2, 7
What are the prime factors of ((-547155)/(-30))/9*(-2 + 4)?
3, 7, 193
Let v = 13819 + -7865. List the prime factors of v.
2, 13, 229
Let d(g) = -14 - 3*g**2 + 2*g**3 - 10840*g + 10839*g + g**2. What are the prime factors of d(7)?
3, 7
Let d be 42/12 - ((-1)/1)/(-2). Let w(c) = -29*c + 5. Let p be w(d). Let i = p - -184. What are the prime factors of i?
2, 3, 17
Let f(n) = -n + 2. Let u(x) = -292*x + 29. Let b(g) = -36*f(g) + 4*u(g). List the prime factors of b(-1).
2, 3, 7
Let d be (10/(-3))/(2/(-3)). Suppose -5*q - 4*j - 14 = -0, 0 = -3*q + j - d. List the prime factors of q/(-5) - (-432)/45.
2, 5
Let g be ((-32)/12)/((-6)/9). Suppose -m = -2*c + 8, g*m = 5*c - 15 - 5. Suppose 4*n - b = 219, m*n + b + 51 = n. List the prime factors of n.
2, 7
Suppose -k + 11 = -2*z, 2*k - 6 = 2*z + 8. Let h be (-13 - -3 - -2)*2/z. Suppose -w - 574 = -4*i, -568 = -4*i + h*w - 0*w. What are the prime factors of i?
2, 3
Let r(y) be the first derivative of y**3/3 - 19*y**2/2 + 18*y + 41. List the prime factors of r(23).
2, 5, 11
Let i(q) be the third derivative of 17*q**5/60 - 19*q**4/8 + 2*q**3/3 + 62*q**2. What are the prime factors of i(9)?
2, 7, 31
Let b be 1 + -1*(0 - 80). Let g(x) = 3*x**3 - 6*x + 4. Let j be g(2). Let i = j + b. What are the prime factors of i?
97
Suppose 490*v - 489*v = -1. List the prime factors of 65/(-2)*(69/(-5) - v).
2, 13
Suppose -12509 = 2*v - 5*q - 53785, -v + 4*q = -20629. What are the prime factors of v?
19, 1087
Let m = 5137 + -9. Suppose 22*r + 662 = m. What are the prime factors of r?
7, 29
Suppose -30*w - 552 = 7338. Let b = 641 + w. List th